{"id":157,"date":"2019-05-17T12:07:13","date_gmt":"2019-05-17T12:07:13","guid":{"rendered":"http:\/\/fabbro.com.tr\/?page_id=157"},"modified":"2023-07-04T07:40:46","modified_gmt":"2023-07-04T07:40:46","slug":"hikayemiz","status":"publish","type":"page","link":"https:\/\/fabbro.com.tr\/?page_id=157","title":{"rendered":"Hikayemiz"},"content":{"rendered":"<p>[vc_row css=&#8221;.vc_custom_1558711187143{margin-top: 25px !important;}&#8221;][vc_column width=&#8221;1\/2&#8243;][vc_column_text]<img decoding=\"async\" loading=\"lazy\" class=\"alignnone wp-image-963 size-full\" src=\"http:\/\/fabbro.com.tr\/wp-content\/uploads\/2019\/12\/fabbro.jpg\" alt=\"\" width=\"1144\" height=\"782\" srcset=\"https:\/\/fabbro.com.tr\/wp-content\/uploads\/2019\/12\/fabbro.jpg 1144w, https:\/\/fabbro.com.tr\/wp-content\/uploads\/2019\/12\/fabbro-219x150.jpg 219w, https:\/\/fabbro.com.tr\/wp-content\/uploads\/2019\/12\/fabbro-768x525.jpg 768w, https:\/\/fabbro.com.tr\/wp-content\/uploads\/2019\/12\/fabbro-1024x700.jpg 1024w, https:\/\/fabbro.com.tr\/wp-content\/uploads\/2019\/12\/fabbro-214x146.jpg 214w, https:\/\/fabbro.com.tr\/wp-content\/uploads\/2019\/12\/fabbro-50x34.jpg 50w, https:\/\/fabbro.com.tr\/wp-content\/uploads\/2019\/12\/fabbro-110x75.jpg 110w, https:\/\/fabbro.com.tr\/wp-content\/uploads\/2019\/12\/fabbro-600x410.jpg 600w\" sizes=\"(max-width: 1144px) 100vw, 1144px\" \/>[\/vc_column_text][\/vc_column][vc_column width=&#8221;1\/2&#8243;][vc_column_text]<\/p>\n<h1>Azmin ve ba\u015far\u0131n\u0131n yolculu\u011fu&#8230;<\/h1>\n<p class=\"p1\"><span class=\"s1\">1960 y\u0131l\u0131nda, K\u00fctahya\u2019n\u0131n Simav il\u00e7esinde, ticari hayat\u0131na ba\u015flayan KAZCIO\u011eLU INDUSTRIAL, kamyon tamircili\u011finden gelen bilgi birikimi ve ustal\u0131\u011f\u0131 seri \u00fcretime aktararak, bas\u0131n\u00e7l\u0131 boru ve hortum kompleleri \u00fcretmeye ba\u015flam\u0131\u015ft\u0131r. <\/span><\/p>\n<p class=\"p1\"><span class=\"s1\">2002 y\u0131l\u0131nda sanayide ki d\u00fckk\u00e2nlar\u0131ndan, yapt\u0131rm\u0131\u015f oldu\u011fu 3500 metrekarelik ilk fabrikas\u0131na ta\u015f\u0131narak \u00fcretime burada devam etmi\u015ftir. 2003 senesinde ISO 9001 standard\u0131na uygun haline gelip 2008 senesinde ise ISO 16949 belgesini almaya hak kazanm\u0131\u015ft\u0131r.<\/span><\/p>\n<p class=\"p1\"><span class=\"s1\">2012 senesinde So\u011fuk D\u00f6vme \u00fcr\u00fcnleri \u00fcretimine ba\u015flay\u0131p toplam kapal\u0131 alan\u0131n\u0131 11500 metrekareye ula\u015ft\u0131rm\u0131\u015ft\u0131r. \u0130\u015flerin ivmelenerek devam etmesiyle de 2016 y\u0131l\u0131ndan toplam kapal\u0131 alan\u0131 20000 metrekareye ula\u015fm\u0131\u015ft\u0131r. <\/span><\/p>\n<p class=\"p1\"><span class=\"s1\">2018 y\u0131l\u0131nda <\/span><span class=\"text\">rot ba\u015f\u0131, komple rot ve rot mili <\/span><span class=\"s1\">\u00fcretimine ba\u015flayarak FABBRO markas\u0131n\u0131 tescil ettirmi\u015ftir. \u015euanda 20000 metrekaresi kapal\u0131 toplamda 150000 metrekarelik tesislerinde 350 nitelikli personeli ile \u00fcretimine devam etmektedir.<\/span><\/p>\n<p>Ba\u015far\u0131 hikayemizi \u00f6nemli tarihleri ele alarak zaman t\u00fcnelimizde sizlerle payla\u015f\u0131yoruz.[\/vc_column_text][\/vc_column][\/vc_row]<\/p>\n","protected":false},"excerpt":{"rendered":"<p>[vc_row css=&#8221;.vc_custom_1558711187143{margin-top: 25px !important;}&#8221;][vc_column width=&#8221;1\/2&#8243;][vc_column_text][\/vc_column_text][\/vc_column][vc_column width=&#8221;1\/2&#8243;][vc_column_text] Azmin ve ba\u015far\u0131n\u0131n yolculu\u011fu&#8230; 1960 y\u0131l\u0131nda, K\u00fctahya\u2019n\u0131n Simav il\u00e7esinde, ticari hayat\u0131na ba\u015flayan KAZCIO\u011eLU INDUSTRIAL, kamyon tamircili\u011finden gelen bilgi birikimi ve<span class=\"excerpt-hellip\"> [\u2026]<\/span><\/p>\n","protected":false},"author":1,"featured_media":0,"parent":0,"menu_order":0,"comment_status":"closed","ping_status":"closed","template":"","meta":[],"_links":{"self":[{"href":"https:\/\/fabbro.com.tr\/index.php?rest_route=\/wp\/v2\/pages\/157"}],"collection":[{"href":"https:\/\/fabbro.com.tr\/index.php?rest_route=\/wp\/v2\/pages"}],"about":[{"href":"https:\/\/fabbro.com.tr\/index.php?rest_route=\/wp\/v2\/types\/page"}],"author":[{"embeddable":true,"href":"https:\/\/fabbro.com.tr\/index.php?rest_route=\/wp\/v2\/users\/1"}],"replies":[{"embeddable":true,"href":"https:\/\/fabbro.com.tr\/index.php?rest_route=%2Fwp%2Fv2%2Fcomments&post=157"}],"version-history":[{"count":21,"href":"https:\/\/fabbro.com.tr\/index.php?rest_route=\/wp\/v2\/pages\/157\/revisions"}],"predecessor-version":[{"id":1135,"href":"https:\/\/fabbro.com.tr\/index.php?rest_route=\/wp\/v2\/pages\/157\/revisions\/1135"}],"wp:attachment":[{"href":"https:\/\/fabbro.com.tr\/index.php?rest_route=%2Fwp%2Fv2%2Fmedia&parent=157"}],"curies":[{"name":"wp","href":"https:\/\/api.w.org\/{rel}","templated":true}]}}