{"id":496,"date":"2019-05-24T14:51:33","date_gmt":"2019-05-24T14:51:33","guid":{"rendered":"http:\/\/fabbro.com.tr\/?page_id=496"},"modified":"2019-05-24T16:42:46","modified_gmt":"2019-05-24T16:42:46","slug":"insan-kaynaklari","status":"publish","type":"page","link":"https:\/\/fabbro.com.tr\/?page_id=496","title":{"rendered":"\u0130nsan Kaynaklar\u0131"},"content":{"rendered":"<p>[vc_row css=&#8221;.vc_custom_1558716159906{margin-top: 25px !important;}&#8221;][vc_column width=&#8221;1\/2&#8243;][vc_column_text]<\/p>\n<p style=\"text-align: justify;\">Kazc\u0131o\u011flu Otomotiv, \u00f6ncelik olarak i\u015f\u00e7i sa\u011fl\u0131\u011f\u0131 ve g\u00fcvenli\u011fine \u00f6nem veren i\u015fe al\u0131m s\u00fcrecimizde ise i\u015fletmenin devaml\u0131l\u0131\u011f\u0131n\u0131 sa\u011flayacak, ama\u00e7lar\u0131n\u0131 benimseyecek ve belirlenen i\u015fin gerektirdi\u011fi \u00f6zellikleri g\u00f6sterecek personelin se\u00e7imine ve i\u015fletmemizde \u00e7al\u0131\u015fan personelimizin her t\u00fcrl\u00fc ku\u015fkudan uzak, g\u00fcven i\u00e7inde bir \u00e7al\u0131\u015fma ortam\u0131nda \u00e7al\u0131\u015fmas\u0131n\u0131, gelece\u011fine ekonomik ve sosyal y\u00f6nden g\u00fcvenle bakabilmesini sa\u011flayan bir insan kaynaklar\u0131 y\u00f6netimine sahiptir.<\/p>\n<p><img decoding=\"async\" loading=\"lazy\" class=\"alignnone size-full wp-image-504\" src=\"http:\/\/fabbro.com.tr\/wp-content\/uploads\/2019\/05\/insan-kaynaklari-1.jpg\" alt=\"\" width=\"1200\" height=\"700\" srcset=\"https:\/\/fabbro.com.tr\/wp-content\/uploads\/2019\/05\/insan-kaynaklari-1.jpg 1200w, https:\/\/fabbro.com.tr\/wp-content\/uploads\/2019\/05\/insan-kaynaklari-1-600x350.jpg 600w, https:\/\/fabbro.com.tr\/wp-content\/uploads\/2019\/05\/insan-kaynaklari-1-300x175.jpg 300w, https:\/\/fabbro.com.tr\/wp-content\/uploads\/2019\/05\/insan-kaynaklari-1-768x448.jpg 768w, https:\/\/fabbro.com.tr\/wp-content\/uploads\/2019\/05\/insan-kaynaklari-1-1024x597.jpg 1024w, https:\/\/fabbro.com.tr\/wp-content\/uploads\/2019\/05\/insan-kaynaklari-1-250x146.jpg 250w, https:\/\/fabbro.com.tr\/wp-content\/uploads\/2019\/05\/insan-kaynaklari-1-50x29.jpg 50w, https:\/\/fabbro.com.tr\/wp-content\/uploads\/2019\/05\/insan-kaynaklari-1-129x75.jpg 129w\" sizes=\"(max-width: 1200px) 100vw, 1200px\" \/>[\/vc_column_text][\/vc_column][vc_column width=&#8221;1\/2&#8243;][vc_column_text]<\/p>\n<p style=\"text-align: justify;\">\u015eirketimizin insan kaynaklar\u0131 politikas\u0131ndaki hedefleri T\u00fcrk ve Yabanc\u0131 sanayisindeki kapasitemizi artt\u0131rarak \u00e7al\u0131\u015fana de\u011fer veren, b\u00f6lgesinde lider, \u00e7evreye i\u015f sa\u011fl\u0131\u011f\u0131 ve g\u00fcvenli\u011fine duyarl\u0131, kalite standart ve \u00e7al\u0131\u015fanlar\u0131n yarat\u0131c\u0131l\u0131\u011f\u0131ndan g\u00fc\u00e7 alan geli\u015fime a\u00e7\u0131k \u015firket olma yolunda insan kaynaklar\u0131 verimli \u015fekilde kullanmaktad\u0131r.<\/p>\n<p style=\"text-align: justify;\">\u015eirketimizde \u00e7al\u0131\u015fmalar\u0131m\u0131z\u0131n etkin ve verimli bir \u015fekilde ilerlemesini sa\u011flayacak insan kaynaklar\u0131 planlamas\u0131, se\u00e7ilmesi, i\u015fe al\u0131nmas\u0131, g\u00f6rev yerlerinin belirlenmesi, geli\u015ftirilmesi, e\u011fitim ihtiya\u00e7lar\u0131n\u0131n belirlenerek kar\u015f\u0131lanmas\u0131na y\u00f6nelik plan i\u00e7inde y\u00fcr\u00fct\u00fclmektedir.<\/p>\n<p style=\"text-align: justify;\"><strong>\u0130nsan kaynaklar\u0131 politikam\u0131z\u0131n temel ilkeleri:<\/strong><\/p>\n<ul>\n<li style=\"text-align: justify;\">\u0130\u015fg\u00f6renin fiziksel ve d\u00fc\u015f\u00fcnsel g\u00fcc\u00fcnden en y\u00fcksek d\u00fczeyde yararlanmay\u0131 ve elde edilen verimli \u00e7al\u0131\u015fma temposunu s\u00fcrekli k\u0131lmay\u0131 ama\u00e7lamak.<\/li>\n<li style=\"text-align: justify;\">\u00c7al\u0131\u015fanlar\u0131n beklentilerini iyi tan\u0131may\u0131 hedeflemek.<\/li>\n<li style=\"text-align: justify;\">Dil, \u0131rk, cinsiyet, d\u00fc\u015f\u00fcnce, inan\u00e7 ve din ayr\u0131l\u0131\u011f\u0131 g\u00f6zetmeksizin, i\u015fe al\u0131mdan i\u015ften uzakla\u015ft\u0131rmaya kadar e\u015fitlik ilkesine uygun ve yans\u0131z bir tutum i\u00e7inde olmay\u0131 ama\u00e7lamak.<\/li>\n<li style=\"text-align: justify;\">\u0130\u015fletmemizde \u00e7al\u0131\u015fan\u0131n her t\u00fcrl\u00fc ku\u015fkudan uzak, g\u00fcven i\u00e7inde bir \u00e7al\u0131\u015fma ortam\u0131nda \u00e7al\u0131\u015fmas\u0131n\u0131, gelece\u011fine ekonomik ve sosyal y\u00f6nden g\u00fcvenle bakabilmesini sa\u011flamak.<\/li>\n<li style=\"text-align: justify;\">Personelin i\u015f yapma yetene\u011finin, giri\u015fimcili\u011finin, ba\u015far\u0131 ve \u00e7abas\u0131n\u0131n geli\u015ftirilmesi i\u00e7in ihtiya\u00e7 duyulan e\u011fitimleri belirlemek ve e\u011fitim al\u0131nmas\u0131n\u0131 sa\u011flamak.<\/li>\n<li style=\"text-align: justify;\">Personeli ilgilendiren konularda personeli zaman\u0131nda bilgilendirmek.<\/li>\n<\/ul>\n<p>[\/vc_column_text][\/vc_column][\/vc_row]<\/p>\n","protected":false},"excerpt":{"rendered":"<p>[vc_row css=&#8221;.vc_custom_1558716159906{margin-top: 25px !important;}&#8221;][vc_column width=&#8221;1\/2&#8243;][vc_column_text] Kazc\u0131o\u011flu Otomotiv, \u00f6ncelik olarak i\u015f\u00e7i sa\u011fl\u0131\u011f\u0131 ve g\u00fcvenli\u011fine \u00f6nem veren i\u015fe al\u0131m s\u00fcrecimizde ise i\u015fletmenin devaml\u0131l\u0131\u011f\u0131n\u0131 sa\u011flayacak, ama\u00e7lar\u0131n\u0131 benimseyecek ve belirlenen<span class=\"excerpt-hellip\"> [\u2026]<\/span><\/p>\n","protected":false},"author":1,"featured_media":0,"parent":0,"menu_order":0,"comment_status":"closed","ping_status":"closed","template":"","meta":[],"_links":{"self":[{"href":"https:\/\/fabbro.com.tr\/index.php?rest_route=\/wp\/v2\/pages\/496"}],"collection":[{"href":"https:\/\/fabbro.com.tr\/index.php?rest_route=\/wp\/v2\/pages"}],"about":[{"href":"https:\/\/fabbro.com.tr\/index.php?rest_route=\/wp\/v2\/types\/page"}],"author":[{"embeddable":true,"href":"https:\/\/fabbro.com.tr\/index.php?rest_route=\/wp\/v2\/users\/1"}],"replies":[{"embeddable":true,"href":"https:\/\/fabbro.com.tr\/index.php?rest_route=%2Fwp%2Fv2%2Fcomments&post=496"}],"version-history":[{"count":6,"href":"https:\/\/fabbro.com.tr\/index.php?rest_route=\/wp\/v2\/pages\/496\/revisions"}],"predecessor-version":[{"id":517,"href":"https:\/\/fabbro.com.tr\/index.php?rest_route=\/wp\/v2\/pages\/496\/revisions\/517"}],"wp:attachment":[{"href":"https:\/\/fabbro.com.tr\/index.php?rest_route=%2Fwp%2Fv2%2Fmedia&parent=496"}],"curies":[{"name":"wp","href":"https:\/\/api.w.org\/{rel}","templated":true}]}}